igit of 49466547?
4
What is the ten thousands digit of 62003968?
0
What is the millions digit of 640054495?
0
What is the units digit of 100649470?
0
What is the hundred millions digit of 362539671?
3
What is the ten thousands digit of 52378137?
7
What is the hundreds digit of 43283565?
5
What is the ten thousands digit of 53720963?
2
What is the millions digit of 86404996?
6
What is the hundred thousands digit of 974501606?
5
What is the ten millions digit of 316483525?
1
What is the millions digit of 41502135?
1
What is the tens digit of 41323842?
4
What is the ten millions digit of 80996301?
8
What is the millions digit of 107910512?
7
What is the ten thousands digit of 502940360?
4
What is the ten millions digit of 266517056?
6
What is the millions digit of 438435903?
8
What is the tens digit of 2037433617?
1
What is the units digit of 739891191?
1
What is the hundred thousands digit of 288516199?
5
What is the hundred thousands digit of 1496043517?
0
What is the ten millions digit of 18853249?
1
What is the hundreds digit of 169733783?
7
What is the hundreds digit of 3325747042?
0
What is the hundred thousands digit of 1058298805?
2
What is the tens digit of 199407940?
4
What is the hundreds digit of 115811611?
6
What is the ten thousands digit of 28074639?
7
What is the ten thousands digit of 53859139?
5
What is the units digit of 75679070?
0
What is the ten millions digit of 115064522?
1
What is the ten thousands digit of 27243393?
4
What is the hundred thousands digit of 6197815857?
8
What is the thousands digit of 923448386?
8
What is the ten millions digit of 2694691122?
9
What is the ten millions digit of 37113363?
3
What is the ten millions digit of 2671027022?
7
What is the units digit of 15717570?
0
What is the hundred thousands digit of 4737362723?
3
What is the millions digit of 13347035?
3
What is the tens digit of 3477910280?
8
What is the ten thousands digit of 846315329?
1
What is the units digit of 482422027?
7
What is the units digit of 66370445?
5
What is the hundreds digit of 1129623649?
6
What is the ten thousands digit of 311349297?
4
What is the units digit of 292673587?
7
What is the hundred thousands digit of 896333748?
3
What is the ten thousands digit of 2138127?
3
What is the billions digit of 1207253047?
1
What is the hundred millions digit of 5621742604?
6
What is the ten millions digit of 555851608?
5
What is the ten thousands digit of 19467746?
6
What is the hundred millions digit of 172089821?
1
What is the thousands digit of 2123549049?
9
What is the ten millions digit of 53121084?
5
What is the ten thousands digit of 24444274?
4
What is the tens digit of 31848797?
9
What is the ten thousands digit of 44977099?
7
What is the billions digit of 1419987579?
1
What is the millions digit of 75130740?
5
What is the hundred thousands digit of 27479109?
4
What is the ten millions digit of 160897185?
6
What is the thousands digit of 40247587?
7
What is the hundred thousands digit of 391085888?
0
What is the thousands digit of 538352438?
2
What is the units digit of 38125249?
9
What is the hundred thousands digit of 176872298?
8
What is the tens digit of 498902295?
9
What is the millions digit of 54799620?
4
What is the hundreds digit of 29238234?
2
What is the units digit of 832854862?
2
What is the hundred thousands digit of 1941812613?
8
What is the billions digit of 2206508385?
2
What is the hundreds digit of 310724523?
5
What is the hundreds digit of 5477001161?
1
What is the ten thousands digit of 948156196?
5
What is the tens digit of 62873249?
4
What is the hundreds digit of 1079230856?
8
What is the hundred millions digit of 5306311946?
3
What is the tens digit of 172306768?
6
What is the hundred millions digit of 1040848556?
0
What is the units digit of 5252865?
5
What is the hundreds digit of 6776603?
6
What is the tens digit of 38611600?
0
What is the ten thousands digit of 71491693?
9
What is the hundreds digit of 1013268284?
2
What is the hundreds digit of 15812820?
8
What is the millions digit of 153432852?
3
What is the ten millions digit of 466856742?
6
What is the thousands digit of 150423644?
3
What is the tens digit of 2676660717?
1
What is the ten millions digit of 88821056?
8
What is the hundreds digit of 250060522?
5
What is the hundreds digit of 1213623117?
1
What is the millions digit of 681804427?
1
What is the tens digit of 869566878?
7
What is the hundred thousands digit of 8347415?
3
What is the ten millions digit of 68308816?
6
What is the hundred thousands digit of 1924586413?
5
What is the hundred thousands digit of 70933465?
9
What is the hundred millions digit of 202121613?
2
What is the thousands digit of 14179728?
9
What is the ten thousands digit of 13082183?
8
What is the ten thousands digit of 2934941471?
4
What is the billions digit of 1671839063?
1
What is the hundreds digit of 5975885673?
6
What is the tens digit of 623540232?
3
What is the ten thousands digit of 115964821?
6
What is the ten millions digit of 2569737943?
6
What is the millions digit of 78511230?
8
What is the hundreds digit of 42947280?
2
What is the hundred thousands digit of 1402724927?
7
What is the hundreds digit of 1542247231?
2
What is the thousands digit of 813123826?
3
What is the hundred millions digit of 946047372?
9
What is the millions digit of 370732119?
0
What is the millions digit of 21591745?
1
What is the tens digit of 477760010?
1
What is the billions digit of 4091632708?
4
What is the ten thousands digit of 752101548?
0
What is the ten millions digit of 6336897806?
3
What is the tens digit of 57683630?
3
What is the units digit of 310446043?
3
What is the tens digit of 4481581869?
6
What is the hundred millions digit of 412548119?
4
What is the units digit of 26004888?
8
What is the thousands digit of 45768469?
8
What is the units digit of 43719992?
2
What is the hundreds digit of 1617515905?
9
What is the ten thousands digit of 984667049?
6
What is the ten millions digit of 64475195?
6
What is the millions digit of 4924144221?
4
What is the hundreds digit of 413837220?
2
What is the ten millions digit of 249949049?
4
What is the tens digit of 1395453563?
6
What is the ten thousands digit of 390357333?
5
What is the hundred thousands digit of 877260599?
2
What is the millions digit of 2950771679?
0
What is the thousands digit of 89482598?
2
What is the hundred thousands digit of 140327045?
3
What is the thousands digit of 27308977?
8
What is the hundred millions digit of 883184667?
8
What is the hundred thousands digit of 24957299?
9
What is the hundreds digit of 1059815215?
2
What is the ten millions digit of 68314551?
6
What is the ten thousands digit of 34639284?
3
What is the thousands digit of 2262484893?
4
What is the billions digit of 1613152979?
1
What is the hundred thousands digit of 2994722755?
7
What is the ten thousands digit of 46648429?
4
What is the hundreds digit of 54525335?
3
What is the ten millions digit of 50667280?
5
What is the hundreds digit of 446233961?
9
What is the millions digit of 24087921?
4
What is the ten thousands digit of 4930000469?
0
What is the thousands digit of 229319626?
9
What is the ten millions digit of 816837681?
1
What is the tens digit of 20964744?
4
What is the hundreds digit of 28582132?
1
What is the hundreds digit of 4359312268?
2
What is the hundred thousands digit of 71135928?
1
What is the hundred thousands digit of 1914138941?
1
What is the millions digit of 634817707?
4
What is the hundreds digit of 24223780?
7
What is the ten thousands digit of 235313732?
1
What is the ten thousands digit of 355177227?
7
What is the units digit of 242931638?
8
What is the hundred thousands digit of 1008049644?
0
What is the hundreds digit of 72269085?
0
What is the thousands digit of 443018636?
8
What is the millions digit of 28430141?
8
What is the units digit of 4380437529?
9
What is the ten thousands digit of 185721858?
2
What is the ten millions digit of 13941238?
1
What is the units digit of 469958098?
8
What is the millions digit of 49607434?
9
What is the units digit of 56339989?
9
What is the tens digit of 332747453?
5
What is the tens digit of 172373219?
1
What is the ten thousands digit of 3427713?
2
What is the thousands digit of 339